 5101?
5054
In base 5, what is -32422 - 121?
-33043
In base 12, what is -6213 - 339?
-6550
In base 5, what is 2 - 4404402?
-4404400
In base 16, what is 3586f + 0?
3586f
In base 11, what is -5 - 380?
-385
In base 9, what is -72737 + 3?
-72734
In base 14, what is 3 + -4cc0?
-4cbb
In base 13, what is -3 + 8a0ab?
8a0a8
In base 12, what is 2 + 83145?
83147
In base 5, what is -1 - -410312?
410311
In base 7, what is -36524 + 3?
-36521
In base 12, what is 3 + -2a3a8?
-2a3a5
In base 16, what is 7d63 - -16?
7d79
In base 11, what is 506774 + 5?
506779
In base 2, what is -110011000 - 10010011110?
-11000110110
In base 14, what is 4 + -9b94?
-9b90
In base 16, what is -4f + -35d?
-3ac
In base 6, what is -5 - -11014?
11005
In base 16, what is -597 - -56b?
-2c
In base 15, what is 1837 + 0?
1837
In base 3, what is 11211110010 - 20?
11211102220
In base 14, what is -118a + 2?
-1188
In base 10, what is 12 - 25507?
-25495
In base 15, what is 87 - -93?
12a
In base 15, what is 14 + -486?
-472
In base 6, what is -10 - 31130033?
-31130043
In base 11, what is 48731 - 5?
48727
In base 11, what is 22379 - 2?
22377
In base 2, what is -1000000010 - -110001?
-111010001
In base 12, what is -5 + -2101?
-2106
In base 13, what is a3 + -8100?
-802a
In base 14, what is 13 + bca?
bdd
In base 7, what is -246 - 106?
-355
In base 5, what is -11 + 10004?
4443
In base 3, what is -1110112 - -12100112?
10220000
In base 6, what is 13042 + -1404?
11234
In base 13, what is -34bc + -54?
-3543
In base 16, what is -3d + -188?
-1c5
In base 2, what is -11010111101000011000 + 111?
-11010111101000010001
In base 12, what is 44593 - -10?
445a3
In base 10, what is -3 - 29915?
-29918
In base 16, what is 9 + 16d5b?
16d64
In base 6, what is -410233 + -1?
-410234
In base 4, what is -33012232030 - -11?
-33012232013
In base 11, what is -30 - 140958?
-140988
In base 6, what is 204 - 4302?
-4054
In base 6, what is 442 - 4004?
-3122
In base 5, what is 0 + -30221240?
-30221240
In base 8, what is 1122556 + 0?
1122556
In base 6, what is 0 + 114522?
114522
In base 2, what is 110 - -111110100111011001?
111110100111011111
In base 10, what is 625302 + -3?
625299
In base 10, what is 16328 + -153?
16175
In base 10, what is 219 - 1575?
-1356
In base 13, what is -11b53 - 19?
-11b6c
In base 13, what is -11a - -ca?
-20
In base 13, what is 2 + 358296?
358298
In base 6, what is 1004140 + 1?
1004141
In base 8, what is -576 - 141?
-737
In base 3, what is 2002 - 1102110?
-1100101
In base 3, what is 120221111001 + 210?
120221111211
In base 9, what is -5 + 204554?
204548
In base 13, what is 0 + -265a1?
-265a1
In base 10, what is 1179 + 7?
1186
In base 3, what is -20 - -10000201222?
10000201202
In base 6, what is 303233 - 5?
303224
In base 15, what is 0 - 1312a8?
-1312a8
In base 6, what is 3032 + -11544?
-4512
In base 8, what is -20 + 172550?
172530
In base 7, what is -20644335 + -2?
-20644340
In base 12, what is -1202330 - 5?
-1202335
In base 12, what is 2a + -7a5?
-777
In base 13, what is -3 + 158c58?
158c55
In base 14, what is 54 + -38a?
-336
In base 11, what is a - -1896?
18a5
In base 15, what is -1bc4d - -3?
-1bc4a
In base 16, what is -2 - 1a116?
-1a118
In base 14, what is -d - 648?
-657
In base 7, what is 4115 + 123?
4241
In base 7, what is -1505213 - -1?
-1505212
In base 13, what is -3cc + -80?
-47c
In base 10, what is 4 + 3711?
3715
In base 14, what is 5 - -11cd03?
11cd08
In base 6, what is -152 - 132121?
-132313
In base 12, what is 3 + 10028b?
100292
In base 9, what is -18 + 12155?
12136
In base 13, what is c43c5 + -1?
c43c4
In base 12, what is 162698 + -1?
162697
In base 12, what is b + 1863?
1872
In base 7, what is 11 + 34466?
34510
In base 14, what is 2 - -13d3a?
13d3c
In base 4, what is -2000 - 2121311?
-2123311
In base 9, what is -1138241 + 3?
-1138237
In base 12, what is -13580 + 3?
-13579
In base 7, what is -133 + -43063?
-43226
In base 10, what is -9 + 112429?
112420
In base 4, what is 3 - 321310?
-321301
In base 3, what is -20122 + -111100?
-201222
In base 11, what is 1 + 558363?
558364
In base 2, what is 1111110100 + 1011110111?
11011101011
In base 15, what is 4b6 - 3?
4b3
In base 2, what is 11000101110101111010 + -101?
11000101110101110101
In base 7, what is 335466 + -2?
335464
In base 3, what is -20110011101 + 12?
-20110011012
In base 11, what is 5 - -10834?
10839
In base 15, what is 4a - 582?
-537
In base 13, what is -695b - -a?
-6951
In base 9, what is 613 + -2132?
-1418
In base 2, what is 100000010011 - -11011?
100000101110
In base 2, what is 1010110010 + -100110?
1010001100
In base 9, what is 3 + -115173?
-115170
In base 15, what is -4a3cc + -7?
-4a3d4
In base 5, what is 102103334 + -2?
102103332
In base 4, what is 13002210 - 10?
13002200
In base 8, what is -32 + -4510?
-4542
In base 14, what is -560 + 5d?
-501
In base 10, what is 3 - -29478?
29481
In base 8, what is 1 - -66377?
66400
In base 15, what is 625948 + 1?
625949
In base 11, what is -2615 - -126?
-249a
In base 14, what is 6a468 - 3?
6a465
In base 5, what is 10 + 41220?
41230
In base 10, what is -2 + -9797?
-9799
In base 8, what is -1 - 6634?
-6635
In base 5, what is 0 - 2041032?
-2041032
In base 11, what is 83 + -310?
-238
In base 2, what is 11011001001010 + -10010010?
11010110111000
In base 16, what is -d8f - -2c?
-d63
In base 6, what is 242101 + 0?
242101
In base 4, what is 1 - -221220331?
221220332
In base 4, what is -23 - 13130210?
-13130233
In base 11, what is 5 + -23a66?
-23a61
In base 2, what is -10010010000100010011010 - -100?
-10010010000100010010110
In base 14, what is -42 + -2495?
-24d7
In base 12, what is 1a0 - 10?
190
In base 13, what is 176c + 27a?
1a19
In base 10, what is 1 - -2246?
2247
In base 9, what is -6 - -6628?
6622
In base 5, what is -4200 - -104411?
100211
In base 5, what is -2 + -24332031?
-24332033
In base 14, what is 1900c - -6?
19014
In base 13, what is -8095 + 13?
-8082
In base 8, what is 1533 - 12065?
-10332
In base 12, what is -a464 - -1?
-a463
In base 3, what is 2100 + 11101112000?
11101121100
In base 15, what is 1 + -81d2d?
-81d2c
In base 10, what is -118 + -4154?
-4272
In base 16, what is 2 - 10c5?
-10c3
In base 7, what is -32152 - -4?
-32145
In base 10, what is -38482 + 11?
-38471
In base 11, what is 37a9 + -a?
379a
In base 2, what is -10101 + -1000111011100110?
-1000111011111011
In base 10, what is -48720 + 1?
-48719
In base 7, what is 5600133 - -3?
5600136
In base 5, what is -400 - -11012?
10112
In base 11, what is -20a3a08 - 3?
-20a3a10
In base 2, what is -10 - 1001011100000100101?
-1001011100000100111
In base 6, what is -15220215 - -2?
-15220213
In base 4, what is -112 + -22112?
-22230
In base 13, what is 6 - -16548?
16551
In base 10, what is 1311295 + -5?
1311290
In base 9, what is -220277 + -3?
-220281
In base 12, what is 150 + -5?
147
In base 5, what is -2 - 103021243?
-103021300
In base 6, what is -1053252 - 4?
-1053300
In base 12, what is b01 - 60?
a61
In base 7, what is 1221652 + 1?
1221653
In base 6, what is -10 - -24124?
24114
In base 6, what is -104 + 200513?
200405
In base 10, what is -62 - -134?
72
In base 11, what is 22 - 494?
-472
In base 9, what is -21 - 2500?
-2521
In base 7, what is 12 - -212446?
212461
In base 12, what is -3 - 7847?
-784a
In base 12, what is -12 + 86a25?
86a13
In base 5, what is -344 - 4223?
-10122
In base 5, what is -21441 - -43?
-21343
In base 8, what is -572314 + 5?
-572307
In base 6, what is -5205235 + -5?
-5205244
In base 2, what is 100 - 1000101100111110?
-1000101100111010
In base 16, what is 7 + 23f2?
23f9
In base 2, what is -1010100000 - 10101010?
-1101001010
In base 16, what is -4 - -4f5a?
4f56
In base 3, what is 2122102112 + 12?
2122102201
In base 7, what is -56505 + 15?
-56460
In base 16, what is -5763 - -21?
-5742
In base 5, what is 4 - 21421223?
-21421214
In base 12, what is 19 - 538?
-51b
In base 15, what is -22a4c + -b?
-22a58
In base 14, what is 565 - 3a?
529
In base 8, what is 1572046 + -5?
1572041
In base 5, what is 4 + -4244040?
-4244031
In base 7, what is -6114 + 6?
-6105
In base 14, what is -5b - -104b0?
10453
In base 3, what is 11 + 200200202?
200200220
In base 12, what is 9313 - -98?
93ab
In base 16, what is -2 - 2593e?
-25940
In base 3, what is -110 - -2010011?
2002201
In base 4, what is -100312013 - 31?
-100312110
In base 11, what is -670 + -7?
